{"id":264,"date":"2020-01-27T20:01:33","date_gmt":"2020-01-27T19:01:33","guid":{"rendered":"https:\/\/vinasturm.si\/trgovina\/?page_id=264"},"modified":"2020-03-22T01:14:46","modified_gmt":"2020-03-22T00:14:46","slug":"zasebnost","status":"publish","type":"page","link":"https:\/\/vinasturm.si\/trgovina\/zasebnost\/","title":{"rendered":"Zasebnost"},"content":{"rendered":"\n<h4 class=\"wp-block-heading\">VARSTVO PODATKOV<\/h4>\n\n\n\n<p>V skladu z Zakonom o varstvu osebnih podatkov jam\u010dimo, da bomo va\u0161e osebne podatke uporabljali izklju\u010dno za obdelavo naro\u010dil in na va\u0161 elektronski naslov (\u010de niste prijavljeni med prejemnike obvestil) po\u0161iljali le, ko bo to nujno potrebno. V kolkor ste se prijavili med prejemnike obvestil spletne vinoteke, pa si preberite naslednji odstavek.<\/p>\n\n\n\n<h4 class=\"wp-block-heading\">UPORABA VA\u0160IH PODATKOV OB PRIJAVI NA E-OBVESTILA<\/h4>\n\n\n\n<p>Na va\u0161 e-naslov bomo po\u0161iljali obvestila o dogodkih in ob\u010dasna tr\u017eenjsko naravnana sporo\u010dila. Za hrambo in obdelavo va\u0161ih podatkov za namene po\u0161iljanja e-obvestil uporabljamo platformo za mno\u017ei\u010dno po\u0161iljajnje e-sporo\u010dil&nbsp;<a rel=\"noreferrer noopener\" href=\"https:\/\/mailchimp.com\/\" target=\"_blank\">Mailchimp<\/a>. Ob prijavi na obvestila Spletne vinoteke \u0160turm potrjujete, da lahko va\u0161e podatke posredujemo neposredno podjetju Mailchimp, ki jih bo hranilo in obdelovalo v skladu s pravilnikom o zasebnosti in pogoji uporabe podjetja Mailchimp.<\/p>\n\n\n\n<p>Kadarkoli si lahko premislite in se od na\u0161ih obvestil odjavite. Odjavite se lahko s klikom na povezavo, ki je objavljena v vsakem e-obvestilu ali odjavo sporo\u010dite na&nbsp;vina.sturm@siol.net.<\/p>\n\n\n\n<h4 class=\"wp-block-heading\">UPORABA PI\u0160KOTKOV<\/h4>\n\n\n\n<p>Spletno mesto vinasturm.si&nbsp;uporablja pi\u0161kotke.&nbsp;S pi\u0161kotki vas osebno ne identificiramo.&nbsp;<strong>Z uporabo tega spletnega mesta se strinjate, da spletno mesto vinasturm.si nastavi pi\u0161kotke na va\u0161i napravi<\/strong>.<\/p>\n\n\n\n<p><strong>Kaj so pi\u0161kotki?<br><\/strong>Pi\u0161kotek (Cookie) je majhna besedilna datoteka, ki se ob obisku spletne strani lahko prenese na ra\u010dunalnik uporabnika. Poudariti velja, da uporaba pi\u0161kotkov ni nekaj novega, saj so v uporabi \u017ee od 90-ih let prej\u0161njega stoletja. Pi\u0161kotki se na va\u0161 ra\u010dunalnik lahko shranijo razli\u010dno dolgo. Lahko se namestijo le za trajanje seje brskanja (ko zaprete brskalnik se samodejno pobri\u0161ejo), za nekaj mesecev, ali pa tudi za ve\u010d let in omogo\u010dajo napredne funkcionalnosti spletnih strani.<\/p>\n\n\n\n<p>Ker pi\u0161kotki lahko vsebujejo uporabnikove nastavitve in zgodovino obiska za vsako obiskano stran (ki namesti ustrezen pi\u0161kotek), se lahko uporabljajo tudi za sledenje za uporabniki. S pomo\u010djo pi\u0161kotkov lahko neko podjetje dokaj natan\u010dno ugotovi, katere strani smo \u017ee obiskali, koliko \u010dasa smo se tam zadr\u017eali, v katerem omre\u017eju (dr\u017eavi) smo takrat bili ipd. facebook, Google in vsa ostala dru\u017eabna omre\u017eja lahko tako s kombinacijo svojih dru\u017eabnih vti\u010dnikov in ustreznih pi\u0161kotkov sledijo na\u0161im spletnim navadam (npr. Facebook-ov gumb V\u0161e\u010d mi je, Googlov +1 gumb \u2026).<\/p>\n\n\n\n<p>Pi\u0161kotke lahko kadarkoli pobri\u0161ete v nastavitvah va\u0161ega priljubljenega spletnega brskalnika. V nastavitvah lahko tudi natan\u010dno dolo\u010dite kdaj se pi\u0161kotki pobri\u0161ejo, katere pi\u0161kotke naj brskalnik sploh sprejme ipd.<\/p>\n\n\n\n<h4 class=\"wp-block-heading\">ZAKAJ NA\u0160A SPLETNA STRAN POTREBUJE IN UPORABLJA PI\u0160KOTKE?<\/h4>\n\n\n\n<p>Glavni namen pi\u0161kotkov na strani vinasturm.si je analiziranje in vodenje statistike obiska strani (najbolj brane vsebine, najbolj klikane strani ipd.). Pi\u0161kotki so tudi pomembno sredstvo za ohranjanje sve\u017ee in primerne vsebine. Pi\u0161kotki pomagajo pri izvajanju spletnih storitev, pomagajo pri zbiranju &nbsp;statistik, saj se le z njimi lahko spremlja pogostost obiskovanja dolo\u010dene spletne strani. S pomo\u010djo pi\u0161kotkov lahko upravljavec spletne strani oceni u\u010dinkovitost zasnove svoje spletne strani.<\/p>\n\n\n\n<h4 class=\"wp-block-heading\">LASTNI IN ZUNANJI PI\u0160KOTKI<\/h4>\n\n\n\n<p>Spletna vinoteka vinasturm.si, lahko vklju\u010duje tudi vsebine z zunanjih stre\u017enikov, kot npr. videe (YouTube, Vimeo \u2026), grafe, vsebine in orodja z dru\u017eabnih omre\u017eij (Facebook, Twitter, G+), oglase \u2026 Zunanji stre\u017eniki uporabljajo svoje pi\u0161kotke in jih uporabniku po\u0161ljejo direktno \u2013 na\u0161 stre\u017enik v stran vklju\u010di le navodilo, kot npr. \u201cvstavi nekaj z Youtube, z Facebooka, Twitterja \u2026\u201d. Ne moremo pa kontrolirati katere pi\u0161kotke bo uporabniku poslal zunanji stre\u017enik.<\/p>\n\n\n\n<p>Nalaganje pi\u0161kotkov iz tretjih strani je mogo\u010de onemogo\u010diti v nastavitvah va\u0161ega brsklanika.<\/p>\n\n\n\n<h4 class=\"wp-block-heading\">KATERE PI\u0160KOTKE UPORABLJA NA\u0160A STRAN (LASTNI PI\u0160KOTKI)?<\/h4>\n\n\n\n<figure class=\"wp-block-table\"><table class=\"has-subtle-light-gray-background-color has-background\"><tbody><tr><td><strong>Ime pi\u0161kotka<\/strong><\/td><td><strong>Namen uporabe<\/strong><\/td><td><strong>\u010cas trajanja<\/strong><\/td><td><strong>Podjetje<\/strong><\/td><\/tr><tr><td>_ga<\/td><td>Statistika ogledov spletne strani<\/td><td>2 leti<\/td><td>Google Analytics<\/td><\/tr><tr><td>_gat_gtag_UA_147659442_1<\/td><td>Statistika ogledov spletne strani<\/td><td>2 leti<\/td><td>Google Analytics<\/td><\/tr><tr><td>_gid<\/td><td>Statistika ogledov spletne strani<\/td><td>2 leti<\/td><td>Google Analytics<\/td><\/tr><tr><td>wfwaf-authcookie-<\/td><td>Pi\u0161kotek nalo\u017ei Wordfence, ki je varnostni vti\u010dnik za WordPress in preveri uporabnika pri prijavi v ozadje strani<\/td><td>1 dan<\/td><td>Wordfence<\/td><\/tr><tr><td>wordfence_verifiedHuman<\/td><td>Pi\u0161kotek nalo\u017ei Wordfence, ki je varnistni vti\u010dnik za WordPress. pi\u0161kotek \u0161\u010diti stran pred zlonamernimi napadi.<\/td><td>1 dan<\/td><td>Wordfence<\/td><\/tr><tr><td>wordpress-logged_in_<\/td><td>Pi\u0161kotek nalo\u017ei WordPress za prepoznavo uporabnika pri prijavi v ozadje strani<\/td><td>Seja<\/td><td>WordPress<\/td><\/tr><tr><td>wordpress_test_cookie<\/td><td>Pi\u0161kotek nalo\u017ei WordPress, ko obiskovalec obi\u0161\u010de stran za prijavo. pi\u0161kotek preveri, ali brskalnik obiskovalca sprejema ali zavra\u010da pri\u0161kotke<\/td><td>Seja<\/td><td>WordPress<\/td><\/tr><\/tbody><\/table><\/figure>\n\n\n\n<h4 class=\"wp-block-heading\">NADZOR NAD PI\u0160KOTKI ali KAKO LAHKO O(NE)MOGO\u010cITE PI\u0160KOTKE?<\/h4>\n\n\n\n<p>Uporabo pi\u0161kotkov lahko ne glede na va\u0161o privolitev ali zavra\u010danje pi\u0161kotkov na posamezni spletni strani nadzirate, spreminjate ali bri\u0161ete neposredno v svojem spletnem brskalniku.<\/p>\n\n\n\n<p>Vina \u0160TURM<\/p>\n","protected":false},"excerpt":{"rendered":"<p>VARSTVO PODATKOV V skladu z Zakonom o varstvu osebnih podatkov jam\u010dimo, da bomo va\u0161e osebne podatke uporabljali izklju\u010dno za obdelavo naro\u010dil in na va\u0161 elektronski naslov (\u010de niste prijavljeni med prejemnike obvestil) po\u0161iljali le, ko bo to nujno potrebno. V kolkor ste se prijavili med prejemnike obvestil spletne vinoteke, pa si preberite naslednji odstavek. UPORABA [&hellip;]<\/p>\n","protected":false},"author":1,"featured_media":0,"parent":0,"menu_order":0,"comment_status":"closed","ping_status":"closed","template":"","meta":{"_monsterinsights_skip_tracking":false,"_monsterinsights_sitenote_active":false,"_monsterinsights_sitenote_note":"","_monsterinsights_sitenote_category":0,"footnotes":""},"class_list":["post-264","page","type-page","status-publish","hentry"],"_links":{"self":[{"href":"https:\/\/vinasturm.si\/trgovina\/wp-json\/wp\/v2\/pages\/264","targetHints":{"allow":["GET"]}}],"collection":[{"href":"https:\/\/vinasturm.si\/trgovina\/wp-json\/wp\/v2\/pages"}],"about":[{"href":"https:\/\/vinasturm.si\/trgovina\/wp-json\/wp\/v2\/types\/page"}],"author":[{"embeddable":true,"href":"https:\/\/vinasturm.si\/trgovina\/wp-json\/wp\/v2\/users\/1"}],"replies":[{"embeddable":true,"href":"https:\/\/vinasturm.si\/trgovina\/wp-json\/wp\/v2\/comments?post=264"}],"version-history":[{"count":16,"href":"https:\/\/vinasturm.si\/trgovina\/wp-json\/wp\/v2\/pages\/264\/revisions"}],"predecessor-version":[{"id":919,"href":"https:\/\/vinasturm.si\/trgovina\/wp-json\/wp\/v2\/pages\/264\/revisions\/919"}],"wp:attachment":[{"href":"https:\/\/vinasturm.si\/trgovina\/wp-json\/wp\/v2\/media?parent=264"}],"curies":[{"name":"wp","href":"https:\/\/api.w.org\/{rel}","templated":true}]}}