{"id":1417,"date":"2022-07-18T20:54:34","date_gmt":"2022-07-18T18:54:34","guid":{"rendered":"https:\/\/vinasturm.si\/trgovina\/?post_type=product&#038;p=1417"},"modified":"2025-12-03T07:00:40","modified_gmt":"2025-12-03T06:00:40","slug":"akord-2016","status":"publish","type":"product","link":"https:\/\/vinasturm.si\/trgovina\/izdelek\/akord-2016\/","title":{"rendered":"Akord 2016"},"content":{"rendered":"<p><strong>Dr\u017eava porekla:<\/strong> Slovenija<br \/>\n<strong>Regija:<\/strong> Bela krajina<br \/>\n<strong>Barva vina:<\/strong> Belo<br \/>\n<strong>Vsebina:<\/strong> 0,75 l<br \/>\n<strong>Sorta:<\/strong> Beli Cuvee<br \/>\n<strong>Stil vina:<\/strong> Macerirano belo<br \/>\n<strong>Sladkorna stopnja:<\/strong> Suho<br \/>\n<strong>Letnik vina:<\/strong> 2016<br \/>\n<strong>Alkoholna stopnja:<\/strong> 14 %<\/p>\n","protected":false},"excerpt":{"rendered":"<p class=\"_04xlpA direction-ltr align-justify para-style-body\"><span class=\"JsGRdQ\">Akord je zvrst treh belih sort, pridelamo ga dva do trikrat v desetletju. Sestavljajo ga traminec, rumeni mu\u0161kat ter lokalna avtohtona kraljevina. Vse sorte hkrati trgamo v njihovi polni zrelosti. Sledi mesec dni maceracije, nato pa vino skoraj 6 let zori v velikih hrastovih sodih na lastnih dro\u017eeh. Vino brez filtracije napolnimo v steklenice.<\/span><\/p>\n<p class=\"_04xlpA direction-ltr align-justify para-style-body\"><span class=\"JsGRdQ\">Rezultat je izrazito di\u0161e\u010de vino\u00a0 jantarne barve\u00a0 ter kompleksnih arom z zelo samosvojim karakterjem. Prvi dve sorti dodata izrazito aromati\u010den profil, kraljevina pa prispeva lokalni karakter ter \u017eivahno kislino. Cvetica je izredno vabljiva, sadna, bogata in raznolika &#8211; v ospredju zaznavamo so\u010dno sadnost, su\u0161eno belo cvetje, jasmin in karamelo s kan\u010dkom lesa, ki se prepletajo z notami su\u0161enih za\u010dimb in rozin. Pomislimo, da nas v ustih \u010daka nekaj sladkega, a vino je popolnoma suho in krepkega telesa. Izjemna uravnote\u017eenost med dvema kontrastoma &#8211; so\u010dno sadnostjo ter kompleksno zrelostjo. Vino, ki navdu\u0161i z intenzivnostjo okusa,\u00a0 prijetno mehkobo in\u00a0 <\/span><span class=\"JsGRdQ\">dolgim toplim pookusom, ki traja. Zelo samosvoje vino, ki mu slogovno te\u017eko najdemo par. Plemenito in elegantno z izjemnim potencialom staranja.<\/span><\/p>\n","protected":false},"featured_media":118,"template":"","meta":{"_monsterinsights_skip_tracking":false,"_monsterinsights_sitenote_active":false,"_monsterinsights_sitenote_note":"","_monsterinsights_sitenote_category":0},"product_brand":[],"product_cat":[21],"product_tag":[],"class_list":{"0":"post-1417","1":"product","2":"type-product","3":"status-publish","4":"has-post-thumbnail","6":"product_cat-zlata-kolekcija","8":"first","9":"instock","10":"taxable","11":"shipping-taxable","12":"purchasable","13":"product-type-simple"},"_links":{"self":[{"href":"https:\/\/vinasturm.si\/trgovina\/wp-json\/wp\/v2\/product\/1417","targetHints":{"allow":["GET"]}}],"collection":[{"href":"https:\/\/vinasturm.si\/trgovina\/wp-json\/wp\/v2\/product"}],"about":[{"href":"https:\/\/vinasturm.si\/trgovina\/wp-json\/wp\/v2\/types\/product"}],"wp:featuredmedia":[{"embeddable":true,"href":"https:\/\/vinasturm.si\/trgovina\/wp-json\/wp\/v2\/media\/118"}],"wp:attachment":[{"href":"https:\/\/vinasturm.si\/trgovina\/wp-json\/wp\/v2\/media?parent=1417"}],"wp:term":[{"taxonomy":"product_brand","embeddable":true,"href":"https:\/\/vinasturm.si\/trgovina\/wp-json\/wp\/v2\/product_brand?post=1417"},{"taxonomy":"product_cat","embeddable":true,"href":"https:\/\/vinasturm.si\/trgovina\/wp-json\/wp\/v2\/product_cat?post=1417"},{"taxonomy":"product_tag","embeddable":true,"href":"https:\/\/vinasturm.si\/trgovina\/wp-json\/wp\/v2\/product_tag?post=1417"}],"curies":[{"name":"wp","href":"https:\/\/api.w.org\/{rel}","templated":true}]}}