{"id":176,"date":"2020-01-21T19:13:43","date_gmt":"2020-01-21T18:13:43","guid":{"rendered":"https:\/\/vinasturm.si\/trgovina\/?post_type=product&#038;p=176"},"modified":"2026-03-30T09:29:11","modified_gmt":"2026-03-30T07:29:11","slug":"modra-frankinja-bq","status":"publish","type":"product","link":"https:\/\/vinasturm.si\/trgovina\/izdelek\/modra-frankinja-bq\/","title":{"rendered":"Modra frankinja bq 2021"},"content":{"rendered":"<p><strong>Dr\u017eava porekla:<\/strong> Slovenija<br \/>\n<strong>Regija:<\/strong> Bela krajina<br \/>\n<strong>Barva vina:<\/strong> Rde\u010de<br \/>\n<strong>Vsebina:<\/strong> 0,75 l<br \/>\n<strong>Sorta:<\/strong> Modra frankinja<br \/>\n<strong>Stil vina:<\/strong> Bogato rde\u010de<br \/>\n<strong>Sladkorna stopnja:<\/strong> Suho<br \/>\n<strong>Letnik:<\/strong> 2021<br \/>\n<strong>Alkoholna stopnja:<\/strong> 12,5 %<\/p>\n","protected":false},"excerpt":{"rendered":"<p><span class=\"JsGRdQ\">Za modro frankinjo modre kolekcije je zna\u010dilna globoka rubinasta barva z odtenki vijoli\u010dne. Poudarjena cvetica izra\u017ea pestre arome zrelih rde\u010dih in \u010drnih sade\u017eev,<\/span> <span class=\"JsGRdQ\">ki se prepletajo s pikantnimi notami \u010drnega popra ter pridihom po pra\u017eenem in vanilji. Vino je suho, polnega telesa ter zaokro\u017eenega okusa, ki spomni na suhe slive. Zrele in uravnote\u017eene kisline ter omeh\u010dani tanini napovedujejo<\/span> <span class=\"JsGRdQ\">popolnoma dozorelo vino v zelo dobri formi. Odli\u010dno se poda k pestrem izboru mesnih jedi.<\/span><\/p>\n","protected":false},"featured_media":248,"template":"","meta":{"_monsterinsights_skip_tracking":false,"_monsterinsights_sitenote_active":false,"_monsterinsights_sitenote_note":"","_monsterinsights_sitenote_category":0},"product_brand":[],"product_cat":[19],"product_tag":[],"class_list":{"0":"post-176","1":"product","2":"type-product","3":"status-publish","4":"has-post-thumbnail","6":"product_cat-modra-kolekcija","8":"first","9":"instock","10":"sale","11":"taxable","12":"shipping-taxable","13":"purchasable","14":"product-type-simple"},"_links":{"self":[{"href":"https:\/\/vinasturm.si\/trgovina\/wp-json\/wp\/v2\/product\/176","targetHints":{"allow":["GET"]}}],"collection":[{"href":"https:\/\/vinasturm.si\/trgovina\/wp-json\/wp\/v2\/product"}],"about":[{"href":"https:\/\/vinasturm.si\/trgovina\/wp-json\/wp\/v2\/types\/product"}],"wp:featuredmedia":[{"embeddable":true,"href":"https:\/\/vinasturm.si\/trgovina\/wp-json\/wp\/v2\/media\/248"}],"wp:attachment":[{"href":"https:\/\/vinasturm.si\/trgovina\/wp-json\/wp\/v2\/media?parent=176"}],"wp:term":[{"taxonomy":"product_brand","embeddable":true,"href":"https:\/\/vinasturm.si\/trgovina\/wp-json\/wp\/v2\/product_brand?post=176"},{"taxonomy":"product_cat","embeddable":true,"href":"https:\/\/vinasturm.si\/trgovina\/wp-json\/wp\/v2\/product_cat?post=176"},{"taxonomy":"product_tag","embeddable":true,"href":"https:\/\/vinasturm.si\/trgovina\/wp-json\/wp\/v2\/product_tag?post=176"}],"curies":[{"name":"wp","href":"https:\/\/api.w.org\/{rel}","templated":true}]}}