{"id":178,"date":"2020-01-21T19:15:34","date_gmt":"2020-01-21T18:15:34","guid":{"rendered":"https:\/\/vinasturm.si\/trgovina\/?post_type=product&#038;p=178"},"modified":"2026-01-06T16:01:07","modified_gmt":"2026-01-06T15:01:07","slug":"modri-pinot","status":"publish","type":"product","link":"https:\/\/vinasturm.si\/trgovina\/izdelek\/modri-pinot\/","title":{"rendered":"Modri pinot 2022"},"content":{"rendered":"<div class=\"attribute\"><span class=\"name\"><strong>Dr\u017eava porekla<\/strong>:\u00a0<\/span>Slovenija<\/div>\n<div class=\"attribute\"><span class=\"name\"><strong>Regija<\/strong>:\u00a0<\/span>Bela krajina<\/div>\n<div class=\"attribute\"><span class=\"name\"><strong>Barva<\/strong>:\u00a0<\/span>Rde\u010de<\/div>\n<div class=\"attribute\"><span class=\"name\"><strong>Vsebina<\/strong>:\u00a0<\/span>0,75 l<\/div>\n<div class=\"attribute\"><span class=\"name\"><strong>Sorta<\/strong>:\u00a0<\/span>Modri pinot<\/div>\n<div class=\"attribute\"><span class=\"name\"><strong>Stil vina<\/strong>:\u00a0<\/span>Sve\u017ee rde\u010de<\/div>\n<div class=\"attribute\"><span class=\"name\"><strong>Sladkorna stopnja<\/strong>:\u00a0<\/span>Suho<\/div>\n<div class=\"attribute\"><span class=\"name\"><strong>Letnik<\/strong>:\u00a0<\/span>2022<\/div>\n<div class=\"attribute\"><span class=\"name\"><strong>Alkoholna stopnja<\/strong>:\u00a0<\/span>13 %<\/div>\n","protected":false},"excerpt":{"rendered":"<p><span class=\"JsGRdQ\">Je prosojne rubinaste barve, srednje poudarjena mladostna cvetica pa<\/span> <span class=\"JsGRdQ\">spominja na rde\u010de sade\u017ee. Vino je v ustih suho, prijetno mehko, jasnih kislin, prefinjen okus pa nas o\u010dara z zaznavami jagod in malin. Njegova mehkoba ter ne\u017eni tanini izra\u017eajo eleganten karakter vina. Izredno v\u0161e\u010dno vino srednjega telesa z lepim sadnim pookusom. Zelo dobro se poda k suhomesnatim jedem, perutnini, pici, testeninam in jedem z gobami.<\/span><\/p>\n","protected":false},"featured_media":179,"template":"","meta":{"_monsterinsights_skip_tracking":false,"_monsterinsights_sitenote_active":false,"_monsterinsights_sitenote_note":"","_monsterinsights_sitenote_category":0},"product_brand":[],"product_cat":[18],"product_tag":[],"class_list":{"0":"post-178","1":"product","2":"type-product","3":"status-publish","4":"has-post-thumbnail","6":"product_cat-bela-kolekcija","8":"first","9":"instock","10":"taxable","11":"shipping-taxable","12":"purchasable","13":"product-type-simple"},"_links":{"self":[{"href":"https:\/\/vinasturm.si\/trgovina\/wp-json\/wp\/v2\/product\/178","targetHints":{"allow":["GET"]}}],"collection":[{"href":"https:\/\/vinasturm.si\/trgovina\/wp-json\/wp\/v2\/product"}],"about":[{"href":"https:\/\/vinasturm.si\/trgovina\/wp-json\/wp\/v2\/types\/product"}],"wp:featuredmedia":[{"embeddable":true,"href":"https:\/\/vinasturm.si\/trgovina\/wp-json\/wp\/v2\/media\/179"}],"wp:attachment":[{"href":"https:\/\/vinasturm.si\/trgovina\/wp-json\/wp\/v2\/media?parent=178"}],"wp:term":[{"taxonomy":"product_brand","embeddable":true,"href":"https:\/\/vinasturm.si\/trgovina\/wp-json\/wp\/v2\/product_brand?post=178"},{"taxonomy":"product_cat","embeddable":true,"href":"https:\/\/vinasturm.si\/trgovina\/wp-json\/wp\/v2\/product_cat?post=178"},{"taxonomy":"product_tag","embeddable":true,"href":"https:\/\/vinasturm.si\/trgovina\/wp-json\/wp\/v2\/product_tag?post=178"}],"curies":[{"name":"wp","href":"https:\/\/api.w.org\/{rel}","templated":true}]}}