{"id":195,"date":"2020-01-21T19:33:35","date_gmt":"2020-01-21T18:33:35","guid":{"rendered":"https:\/\/vinasturm.si\/trgovina\/?post_type=product&#038;p=195"},"modified":"2025-12-03T07:00:41","modified_gmt":"2025-12-03T06:00:41","slug":"traminec","status":"publish","type":"product","link":"https:\/\/vinasturm.si\/trgovina\/izdelek\/traminec\/","title":{"rendered":"Traminec 2013"},"content":{"rendered":"<div class=\"attribute\"><strong>Dr\u017eava porekla:<\/strong> Slovenija<br \/>\n<strong>Regija:<\/strong> Bela krajina<br \/>\n<strong>Barva vina:<\/strong> Belo<br \/>\n<strong>Vsebina:<\/strong> 0,75 l<br \/>\n<strong>Sorta:<\/strong> Traminec<br \/>\n<strong>Stil vina:<\/strong> Macerirano belo<br \/>\n<strong>Sladkorna stopnja:<\/strong> Suho<br \/>\n<strong>Letnik:<\/strong> 2013<br \/>\n<strong>Alkoholna stopnja:<\/strong> 13,5 %<\/div>\n<div><strong>Zorenje:<\/strong> Leseni sodi<\/div>\n<div><\/div>\n","protected":false},"excerpt":{"rendered":"<p class=\"_04xlpA direction-ltr align-justify para-style-body\"><span class=\"JsGRdQ\">Traminec je \u0161e eden od \u010dlanov dru\u017eine \u00bbjantarnih\u00ab vin. Pridelamo ga samo v najbolj\u0161ih letnikih, iz popolnoma zdravega in rahlo prezrelega grozdja. Po trgatvi ga specljamo, mesec dni maceriramo, nakar sledi tri leta zorenja v lesenih sodih.<\/span><\/p>\n<p class=\"_04xlpA direction-ltr align-justify para-style-body\"><span class=\"JsGRdQ\">Barva je kristalno jantarna, cvetica pa izrazito poudarjena, zelo \u010dista, ter \u010dudovito sortna, kar je lahko nepri\u010dakovano za ve\u010d let zorjeno vino. Spominja na vrtnice, balzami\u010dne zaznave ter suhe sade\u017ee. V ustih je popolnoma suho, krepko, intenzivnega okusa, z oljnato teksturo ter dolgim zatonom. Sortnost traminca se kot rde\u010da nit vle\u010de skozi vse faze poku\u0161ine. Vino, ki bo zdr\u017ealo desetletje ali \u0161e ve\u010d. Poskusite ga ob intenzivnej\u0161ih pikantnej\u0161ih jedeh.<\/span><\/p>\n","protected":false},"featured_media":196,"template":"","meta":{"_monsterinsights_skip_tracking":false,"_monsterinsights_sitenote_active":false,"_monsterinsights_sitenote_note":"","_monsterinsights_sitenote_category":0},"product_brand":[],"product_cat":[21],"product_tag":[],"class_list":{"0":"post-195","1":"product","2":"type-product","3":"status-publish","4":"has-post-thumbnail","6":"product_cat-zlata-kolekcija","8":"first","9":"instock","10":"taxable","11":"shipping-taxable","12":"purchasable","13":"product-type-simple"},"_links":{"self":[{"href":"https:\/\/vinasturm.si\/trgovina\/wp-json\/wp\/v2\/product\/195","targetHints":{"allow":["GET"]}}],"collection":[{"href":"https:\/\/vinasturm.si\/trgovina\/wp-json\/wp\/v2\/product"}],"about":[{"href":"https:\/\/vinasturm.si\/trgovina\/wp-json\/wp\/v2\/types\/product"}],"wp:featuredmedia":[{"embeddable":true,"href":"https:\/\/vinasturm.si\/trgovina\/wp-json\/wp\/v2\/media\/196"}],"wp:attachment":[{"href":"https:\/\/vinasturm.si\/trgovina\/wp-json\/wp\/v2\/media?parent=195"}],"wp:term":[{"taxonomy":"product_brand","embeddable":true,"href":"https:\/\/vinasturm.si\/trgovina\/wp-json\/wp\/v2\/product_brand?post=195"},{"taxonomy":"product_cat","embeddable":true,"href":"https:\/\/vinasturm.si\/trgovina\/wp-json\/wp\/v2\/product_cat?post=195"},{"taxonomy":"product_tag","embeddable":true,"href":"https:\/\/vinasturm.si\/trgovina\/wp-json\/wp\/v2\/product_tag?post=195"}],"curies":[{"name":"wp","href":"https:\/\/api.w.org\/{rel}","templated":true}]}}