{"id":783,"date":"2020-02-27T18:18:30","date_gmt":"2020-02-27T17:18:30","guid":{"rendered":"https:\/\/vinasturm.si\/trgovina\/?post_type=product&#038;p=783"},"modified":"2025-04-22T02:10:28","modified_gmt":"2025-04-22T00:10:28","slug":"akord-2011-jeroboam","status":"publish","type":"product","link":"https:\/\/vinasturm.si\/trgovina\/izdelek\/akord-2011-jeroboam\/","title":{"rendered":"Akord 2011 Jeroboam, Limited Edition"},"content":{"rendered":"<p><strong>Dr\u017eava porekla:<\/strong> Slovenija<br \/>\n<strong>Regija:<\/strong> Bela krajina<br \/>\n<strong>Barva vina:<\/strong> Belo<br \/>\n<strong>Vsebina:<\/strong> 3l<br \/>\n<strong>Sorta:<\/strong> Beli Cuvee<br \/>\n<strong>Stil vina:<\/strong> Macerirano belo<br \/>\n<strong>Sladkorna stopnja:<\/strong> Suho<br \/>\n<strong>Letnik:<\/strong> 2011<br \/>\n<strong>Alkoholna stopnja:<\/strong> 16 %<\/p>\n","protected":false},"excerpt":{"rendered":"<p class=\"_04xlpA direction-ltr align-justify para-style-body\"><span class=\"JsGRdQ\">Vino izjemnega letnika, Akord 2011. Je zvrst treh belih sort, pridelamo ga dva do trikrat v desetletju. Sestavljajo ga traminec, rumeni mu\u0161kat ter lokalna avtohtona kraljevina. Vse sorte hkrati trgamo v njihovi polni zrelosti ter jih specljamo. Po drozganju sledi mesec dni maceracije na kontrolirani temperaturi, nato pa vino 36 mesecev zori v hrastovih sodih. Vino brez filtracije napolnimo v steklenice, kjer zori \u0161e dodatnih 6 mesecev.<\/span><\/p>\n<p class=\"_04xlpA direction-ltr align-justify para-style-body\"><span class=\"JsGRdQ\">Rezultat je izrazito di\u0161e\u010de vino kristalne jantarne barve, oljnate teksture ter kompleksnih arom z zelo samosvojim karakterjem. Prvi dve sorti dodata izrazito aromati\u010den profil, kraljevina pa prispeva lokalni karakter ter \u017eivahno kislino. Cvetica je izredno vabljiva, dozorela, bogata in raznolika &#8211; v ospredju zaznavamo su\u0161eno belo cvetje, jasmin, suho sadje, suhe fige, med in karamelo s kan\u010dkom lesa, ki se prepletajo z notami su\u0161enih za\u010dimb in rozin. Pomislimo, da nas v ustih \u010daka nekaj sladkega, a vino je popolnoma suho in krepkega telesa. Izjemna uravnote\u017eenost med intenzivnostjo okusa in prijetno mehkobo. <\/span><span class=\"JsGRdQ\">Ta posebna zvrst navdu\u0161i s svojim dolgim toplim pookusom, ki traja. Zelo samosvoje vino, ki mu slogovno te\u017eko najdemo par. Plemenito in elegantno z izjemnim potencialom staranja.<\/span><\/p>\n<p class=\"_04xlpA direction-ltr align-justify para-style-body\">V ceno je vklju\u010dena tudi lesena embala\u017ea (enoj\u010dek jeroboam 3l iz orehovega lesa).<\/p>\n","protected":false},"featured_media":118,"template":"","meta":{"_monsterinsights_skip_tracking":false,"_monsterinsights_sitenote_active":false,"_monsterinsights_sitenote_note":"","_monsterinsights_sitenote_category":0},"product_brand":[],"product_cat":[21],"product_tag":[],"class_list":{"0":"post-783","1":"product","2":"type-product","3":"status-publish","4":"has-post-thumbnail","6":"product_cat-zlata-kolekcija","8":"first","9":"instock","10":"taxable","11":"shipping-taxable","12":"purchasable","13":"product-type-simple"},"_links":{"self":[{"href":"https:\/\/vinasturm.si\/trgovina\/wp-json\/wp\/v2\/product\/783","targetHints":{"allow":["GET"]}}],"collection":[{"href":"https:\/\/vinasturm.si\/trgovina\/wp-json\/wp\/v2\/product"}],"about":[{"href":"https:\/\/vinasturm.si\/trgovina\/wp-json\/wp\/v2\/types\/product"}],"wp:featuredmedia":[{"embeddable":true,"href":"https:\/\/vinasturm.si\/trgovina\/wp-json\/wp\/v2\/media\/118"}],"wp:attachment":[{"href":"https:\/\/vinasturm.si\/trgovina\/wp-json\/wp\/v2\/media?parent=783"}],"wp:term":[{"taxonomy":"product_brand","embeddable":true,"href":"https:\/\/vinasturm.si\/trgovina\/wp-json\/wp\/v2\/product_brand?post=783"},{"taxonomy":"product_cat","embeddable":true,"href":"https:\/\/vinasturm.si\/trgovina\/wp-json\/wp\/v2\/product_cat?post=783"},{"taxonomy":"product_tag","embeddable":true,"href":"https:\/\/vinasturm.si\/trgovina\/wp-json\/wp\/v2\/product_tag?post=783"}],"curies":[{"name":"wp","href":"https:\/\/api.w.org\/{rel}","templated":true}]}}