{"id":944,"date":"2020-03-28T13:23:24","date_gmt":"2020-03-28T12:23:24","guid":{"rendered":"https:\/\/vinasturm.si\/trgovina\/?post_type=product&#038;p=944"},"modified":"2026-01-06T11:31:20","modified_gmt":"2026-01-06T10:31:20","slug":"vigrednik","status":"publish","type":"product","link":"https:\/\/vinasturm.si\/trgovina\/izdelek\/vigrednik\/","title":{"rendered":"Vigrednik 2025"},"content":{"rendered":"<div class=\"attribute\"><span class=\"name\"><strong>Dr\u017eava porekla<\/strong>:\u00a0<\/span>Slovenija<\/div>\n<div class=\"attribute\"><span class=\"name\"><strong>Regija<\/strong>:\u00a0<\/span>Bela krajina<\/div>\n<div class=\"attribute\"><span class=\"name\"><strong>Barva vina<\/strong>:\u00a0<\/span>Belo<\/div>\n<div class=\"attribute\"><span class=\"name\"><strong>Vsebina<\/strong>: 1 l<\/span><\/div>\n<div class=\"attribute\"><span class=\"name\"><strong>Sorta<\/strong>: Bela zvrst<\/span><\/div>\n<div class=\"attribute\"><span class=\"name\"><strong>Stil vina<\/strong>: Sve\u017ee <\/span>belo<\/div>\n<div class=\"attribute\"><span class=\"name\"><strong>Sladkorna stopnja<\/strong>: Suho<\/span><\/div>\n<div class=\"attribute\"><span class=\"name\"><strong>Letnik vina<\/strong>:\u00a0<\/span>2025<\/div>\n<div class=\"attribute\"><span class=\"name\"><strong>Alkoholna stopnja<\/strong>:\u00a0<\/span>12%<\/div>\n<div><strong>Temperatura serviranja:<\/strong> 6\u2013 8 \u00b0C<\/div>\n<div><\/div>\n","protected":false},"excerpt":{"rendered":"<div class=\"short-description\">\n<div class=\"std\">\n<div class=\"ocena_opis\">\n<div class=\"tabs products-tab\">\n<div class=\"tab-content\">\n<div id=\"subtype_147_product_description\" class=\"tab-pane fade in active\">\n<div class=\"attribute\">\n<div class=\"value\">\n<div class=\"main-container col1-layout\">\n<div class=\"main container\">\n<div class=\"inner-container\">\n<div class=\"col-main\">\n<div class=\"product-view nested-container\">\n<div class=\"box-additional grid12-9\">\n<div id=\"easytabs\" class=\"easytabs-wrapper\">\n<div class=\"padder easytabs-content-wrapper\">\n<div id=\"product_tabs_description_tabbed_contents\" class=\"easytabs-content active\">\n<div class=\"std\">\n<div class=\"short-description\">\n<div class=\"std\">\n<div class=\"ocena_opis\">\n<div class=\"tabs products-tab\">\n<div class=\"tab-content\">\n<div id=\"subtype_147_product_description\" class=\"tab-pane fade in active\">\n<div class=\"attribute\">\n<div class=\"value\">\n<div class=\"main-container col1-layout\">\n<div class=\"main container\">\n<div class=\"inner-container\">\n<div class=\"col-main\">\n<div class=\"product-view nested-container\">\n<div class=\"box-additional grid12-9\">\n<div id=\"easytabs\" class=\"easytabs-wrapper\">\n<div class=\"padder easytabs-content-wrapper\">\n<div id=\"product_tabs_description_tabbed_contents\" class=\"easytabs-content active\">\n<div class=\"std\">\n<div class=\"ocena_opis\">Vino je ne\u017ene zlatorumene barve. Cvetica je mladostna, sadna, srednje poudarjena, di\u0161i po grenivkah, limonah, marelicah, tudi kak\u0161en tropski sade\u017e bi se na\u0161el. V ustih je vino suho, aromati\u010dni naboj iz cvetice se v celoti prenese v usta in se celo okrepi. La\u017eje, okusno \u2013 da, okusno vino! Ena bolj\u0161ih belih zvrsti vstopnega cenovnega razreda.<\/div>\n<\/div>\n<\/div>\n<\/div>\n<\/div>\n<\/div>\n<\/div>\n<\/div>\n<\/div>\n<\/div>\n<\/div>\n<\/div>\n<\/div>\n<\/div>\n<\/div>\n<\/div>\n<\/div>\n<\/div>\n<\/div>\n<\/div>\n<\/div>\n<\/div>\n<\/div>\n<\/div>\n<\/div>\n<\/div>\n<\/div>\n<\/div>\n<\/div>\n<\/div>\n<\/div>\n<\/div>\n<\/div>\n<\/div>\n<\/div>\n<\/div>\n<\/div>\n","protected":false},"featured_media":946,"template":"","meta":{"_monsterinsights_skip_tracking":false,"_monsterinsights_sitenote_active":false,"_monsterinsights_sitenote_note":"","_monsterinsights_sitenote_category":0},"product_brand":[],"product_cat":[22],"product_tag":[],"class_list":{"0":"post-944","1":"product","2":"type-product","3":"status-publish","4":"has-post-thumbnail","6":"product_cat-ornament-kolekcija","8":"first","9":"instock","10":"taxable","11":"shipping-taxable","12":"purchasable","13":"product-type-simple"},"_links":{"self":[{"href":"https:\/\/vinasturm.si\/trgovina\/wp-json\/wp\/v2\/product\/944","targetHints":{"allow":["GET"]}}],"collection":[{"href":"https:\/\/vinasturm.si\/trgovina\/wp-json\/wp\/v2\/product"}],"about":[{"href":"https:\/\/vinasturm.si\/trgovina\/wp-json\/wp\/v2\/types\/product"}],"wp:featuredmedia":[{"embeddable":true,"href":"https:\/\/vinasturm.si\/trgovina\/wp-json\/wp\/v2\/media\/946"}],"wp:attachment":[{"href":"https:\/\/vinasturm.si\/trgovina\/wp-json\/wp\/v2\/media?parent=944"}],"wp:term":[{"taxonomy":"product_brand","embeddable":true,"href":"https:\/\/vinasturm.si\/trgovina\/wp-json\/wp\/v2\/product_brand?post=944"},{"taxonomy":"product_cat","embeddable":true,"href":"https:\/\/vinasturm.si\/trgovina\/wp-json\/wp\/v2\/product_cat?post=944"},{"taxonomy":"product_tag","embeddable":true,"href":"https:\/\/vinasturm.si\/trgovina\/wp-json\/wp\/v2\/product_tag?post=944"}],"curies":[{"name":"wp","href":"https:\/\/api.w.org\/{rel}","templated":true}]}}